at is the remainder when 20029 is divided by 59?
28
Calculate the remainder when 29374 is divided by 272.
270
Calculate the remainder when 2808595 is divided by 437.
433
What is the remainder when 11303 is divided by 6?
5
What is the remainder when 10567 is divided by 56?
39
What is the remainder when 3376 is divided by 109?
106
What is the remainder when 29254 is divided by 714?
694
What is the remainder when 168357 is divided by 42088?
5
What is the remainder when 776 is divided by 154?
6
What is the remainder when 6105 is divided by 114?
63
Calculate the remainder when 12062 is divided by 732.
350
What is the remainder when 3173 is divided by 30?
23
What is the remainder when 38799 is divided by 110?
79
Calculate the remainder when 16207 is divided by 31.
25
What is the remainder when 2372 is divided by 119?
111
What is the remainder when 575 is divided by 68?
31
What is the remainder when 18510 is divided by 3693?
45
What is the remainder when 4242 is divided by 1334?
240
Calculate the remainder when 1277499 is divided by 350.
349
Calculate the remainder when 1209 is divided by 64.
57
Calculate the remainder when 7833 is divided by 1305.
3
Calculate the remainder when 86563 is divided by 15.
13
Calculate the remainder when 6530 is divided by 410.
380
Calculate the remainder when 10641 is divided by 13.
7
Calculate the remainder when 7155 is divided by 1952.
1299
Calculate the remainder when 308734 is divided by 102909.
7
Calculate the remainder when 660136 is divided by 3.
1
What is the remainder when 2193 is divided by 10?
3
What is the remainder when 4070 is divided by 114?
80
Calculate the remainder when 852 is divided by 16.
4
Calculate the remainder when 8899 is divided by 8858.
41
Calculate the remainder when 5084 is divided by 1525.
509
Calculate the remainder when 5222 is divided by 348.
2
Calculate the remainder when 1148 is divided by 48.
44
What is the remainder when 2298 is divided by 442?
88
What is the remainder when 10725337 is divided by 10?
7
What is the remainder when 31361 is divided by 12?
5
What is the remainder when 218772 is divided by 109379?
14
Calculate the remainder when 557297 is divided by 100.
97
What is the remainder when 35902 is divided by 272?
270
What is the remainder when 78166 is divided by 3552?
22
Calculate the remainder when 47046 is divided by 1470.
6
What is the remainder when 246952 is divided by 49387?
17
Calculate the remainder when 122663 is divided by 10219.
35
What is the remainder when 72177 is divided by 14433?
12
What is the remainder when 3536 is divided by 884?
0
What is the remainder when 9188 is divided by 54?
8
What is the remainder when 28823 is divided by 9603?
14
What is the remainder when 2144 is divided by 865?
414
Calculate the remainder when 112723 is divided by 77.
72
Calculate the remainder when 756 is divided by 553.
203
Calculate the remainder when 21918 is divided by 2737.
22
Calculate the remainder when 54931 is divided by 71.
48
What is the remainder when 2092 is divided by 594?
310
Calculate the remainder when 12731 is divided by 20.
11
What is the remainder when 53836 is divided by 137?
132
What is the remainder when 1388 is divided by 249?
143
Calculate the remainder when 985930 is divided by 109547.
7
What is the remainder when 53214 is divided by 47?
10
Calculate the remainder when 15898 is divided by 241.
233
What is the remainder when 155 is divided by 113?
42
Calculate the remainder when 955 is divided by 760.
195
What is the remainder when 105467 is divided by 7530?
47
Calculate the remainder when 85154 is divided by 349.
347
Calculate the remainder when 11505 is divided by 3781.
162
Calculate the remainder when 226948 is divided by 1464.
28
What is the remainder when 18543 is divided by 320?
303
What is the remainder when 9966 is divided by 4939?
88
Calculate the remainder when 4786 is divided by 227.
19
What is the remainder when 66280 is divided by 947?
937
Calculate the remainder when 2267 is divided by 31.
4
Calculate the remainder when 2735527 is divided by 14.
11
What is the remainder when 60641 is divided by 168?
161
What is the remainder when 62984 is divided by 2641?
2241
Calculate the remainder when 213953 is divided by 507.
506
Calculate the remainder when 2484 is divided by 172.
76
Calculate the remainder when 1286 is divided by 183.
5
What is the remainder when 393872 is divided by 188?
12
What is the remainder when 2631 is divided by 295?
271
Calculate the remainder when 22589 is divided by 7430.
299
What is the remainder when 27213 is divided by 170?
13
Calculate the remainder when 42292 is divided by 3522.
28
Calculate the remainder when 17060 is divided by 98.
8
Calculate the remainder when 3811 is divided by 118.
35
Calculate the remainder when 147691 is divided by 12.
7
What is the remainder when 232664 is divided by 103?
90
What is the remainder when 1417 is divided by 690?
37
Calculate the remainder when 13525 is divided by 4507.
4
Calculate the remainder when 1487 is divided by 171.
119
Calculate the remainder when 64469 is divided by 12891.
14
Calculate the remainder when 176526 is divided by 86.
54
What is the remainder when 72960 is divided by 129?
75
Calculate the remainder when 207416 is divided by 20.
16
Calculate the remainder when 1638650 is divided by 21.
20
Calculate the remainder when 1057 is divided by 53.
50
Calculate the remainder when 602 is divided by 234.
134
Calculate the remainder when 4903 is divided by 2451.
1
What is the remainder when 1892 is divided by 296?
116
Calculate the remainder when 136299 is divided by 1217.
1212
Calculate the remainder when 2138 is divided by 377.
253
What is the remainder when 384700 is divided by 41?
38
Calculate the remainder when 4344 is divided by 30.
24
What is the remainder when 211719 is divided by 70571?
6
What is the remainder when 130759 is divided by 70?
69
Calculate the remainder when 7895 is divided by 103.
67
Calculate the remainder when 219306 is divided by 27.
12
What is the remainder when 166098 is divided by 53?
49
What is the remainder when 1239388 is divided by 586?
584
What is the remainder when 32545 is divided by 350?
345
What is the remainder when 2784 is divided by 581?
460
What is the remainder when 12125 is divided by 319?
3
What is the remainder when 9998 is divided by 518?
156
What is the remainder when 108012 is divided by 95?
92
What is the remainder when 349243 is divided by 231?
202
What is the remainder when 16123 is divided by 5354?
61
Calculate the remainder when 7255 is divided by 1792.
87
Calculate the remainder when 343853 is divided by 730.
23
Calculate the remainder when 13428 is divided by 2178.
360
What is the remainder when 906986 is divided by 72?
2
What is the remainder when 855 is divided by 284?
3
What is the remainder when 5253 is divided by 299?
170
Calculate the remainder when 43131 is divided by 4312.
11
Calculate the remainder when 22707 is divided by 293.
146
What is the remainder when 6652 is divided by 75?
52
What is the remainder when 202361 is divided by 826?
817
What is the remainder when 414725 is divided by 78?
77
Calculate the remainder when 2645 is divided by 20.
5
Calculate the remainder when 121478 is divided by 9.
5
What is the remainder when 1057686 is divided by 38?
32
Calculate the remainder when 344215 is divided by 42.
25
Calculate the remainder when 2950 is divided by 605.
530
What is the remainder when 114669 is divided by 11?
5
What is the remainder when 2533 is divided by 764?
241
What is the remainder when 367145 is divided by 2051?
16
Calculate the remainder when 1626 is divided by 12.
6
Calculate the remainder when 297732 is divided by 148865.
2
Calculate the remainder when 1424 is divided by 95.
94
Calculate the remainder when 3805 is divided by 620.
85
Calculate the remainder when 76631 is divided by 194.
1
Calculate the remainder when 15371 is divided by 6825.
1721
What is the remainder when 126061 is divided by 2424?
13
Calculate the remainder when 5465 is divided by 151.
29
What is the remainder when 4077 is divided by 311?
34
What is the remainder when 86654 is divided by 1269?
362
Calculate the remainder when 1845 is divided by 573.
126
Calculate the remainder when 7763 is divided by 7742.
21
Calculat